{"id":9,"date":"2020-05-16T14:10:44","date_gmt":"2020-05-16T14:10:44","guid":{"rendered":"http:\/\/roysgarage.fi\/?page_id=9"},"modified":"2023-04-08T07:36:50","modified_gmt":"2023-04-08T07:36:50","slug":"about","status":"publish","type":"page","link":"https:\/\/roysgarage.fi\/index.php\/about\/","title":{"rendered":"Tekij\u00e4t"},"content":{"rendered":"<p>Roy keksi 17-vuotiaana liikeidean korjata py\u00f6r\u00e4t asiakkaan luona. Kolmen vuoden aikana h\u00e4n on nyt koulun ja armeijan sivussa huoltanut satoja py\u00f6ri\u00e4. Toiminimen py\u00f6ritt\u00e4minen on samalla tuonut perustaidot yritt\u00e4jyydest\u00e4. Alikersantti N\u00e4sman vapautuu palveluksesta kes\u00e4kuun puoliv\u00e4liss\u00e4, jolloin t\u00e4m\u00e4n vuoden huollot p\u00e4\u00e4sev\u00e4t kunnolla k\u00e4yntiin.<\/p>\n<p>Roy betj\u00e4nar dig g\u00e4rna \u00e4ven p\u00e5 svenska. Roy serves you also in English.<\/p>\n<p>T\u00f6iden kasaantuessa Royta auttaa kohta 18-vuotias pikkuveli Niklas.<\/p>\n","protected":false},"excerpt":{"rendered":"<p>Roy keksi 17-vuotiaana liikeidean korjata py\u00f6r\u00e4t asiakkaan luona. Kolmen vuoden aikana h\u00e4n on nyt koulun ja armeijan sivussa huoltanut satoja py\u00f6ri\u00e4. Toiminimen py\u00f6ritt\u00e4minen on samalla tuonut perustaidot yritt\u00e4jyydest\u00e4. Alikersantti N\u00e4sman vapautuu palveluksesta kes\u00e4kuun puoliv\u00e4liss\u00e4, jolloin t\u00e4m\u00e4n vuoden huollot p\u00e4\u00e4sev\u00e4t kunnolla k\u00e4yntiin. Roy betj\u00e4nar dig g\u00e4rna \u00e4ven p\u00e5 svenska. Roy serves you also in English. T\u00f6iden &hellip; <\/p>\n<p class=\"link-more\"><a href=\"https:\/\/roysgarage.fi\/index.php\/about\/\" class=\"more-link\">Continue reading<span class=\"screen-reader-text\"> &#8220;Tekij\u00e4t&#8221;<\/span><\/a><\/p>\n","protected":false},"author":1,"featured_media":38,"parent":0,"menu_order":0,"comment_status":"closed","ping_status":"closed","template":"","meta":[],"_links":{"self":[{"href":"https:\/\/roysgarage.fi\/index.php\/wp-json\/wp\/v2\/pages\/9"}],"collection":[{"href":"https:\/\/roysgarage.fi\/index.php\/wp-json\/wp\/v2\/pages"}],"about":[{"href":"https:\/\/roysgarage.fi\/index.php\/wp-json\/wp\/v2\/types\/page"}],"author":[{"embeddable":true,"href":"https:\/\/roysgarage.fi\/index.php\/wp-json\/wp\/v2\/users\/1"}],"replies":[{"embeddable":true,"href":"https:\/\/roysgarage.fi\/index.php\/wp-json\/wp\/v2\/comments?post=9"}],"version-history":[{"count":9,"href":"https:\/\/roysgarage.fi\/index.php\/wp-json\/wp\/v2\/pages\/9\/revisions"}],"predecessor-version":[{"id":150,"href":"https:\/\/roysgarage.fi\/index.php\/wp-json\/wp\/v2\/pages\/9\/revisions\/150"}],"wp:featuredmedia":[{"embeddable":true,"href":"https:\/\/roysgarage.fi\/index.php\/wp-json\/wp\/v2\/media\/38"}],"wp:attachment":[{"href":"https:\/\/roysgarage.fi\/index.php\/wp-json\/wp\/v2\/media?parent=9"}],"curies":[{"name":"wp","href":"https:\/\/api.w.org\/{rel}","templated":true}]}}