{"id":10,"date":"2020-05-16T14:10:44","date_gmt":"2020-05-16T14:10:44","guid":{"rendered":"http:\/\/roysgarage.fi\/?page_id=10"},"modified":"2020-05-16T16:54:42","modified_gmt":"2020-05-16T16:54:42","slug":"contact","status":"publish","type":"page","link":"https:\/\/roysgarage.fi\/index.php\/contact\/","title":{"rendered":"Yhteystiedot"},"content":{"rendered":"<p>Saat yhteyden Royhin nopeasti s\u00e4hk\u00f6postitse. Du kan mejla Roy p\u00e5 svenska, finska och engelska. Service also in English.<\/p>\n\n\n<p><a href=\"mailto:roysgarage@protonmail.com\">roysgarage@protonmail.com<\/a><\/p>\n","protected":false},"excerpt":{"rendered":"<p>Saat yhteyden Royhin nopeasti s\u00e4hk\u00f6postitse. Du kan mejla Roy p\u00e5 svenska, finska och engelska. Service also in English. roysgarage@protonmail.com<\/p>\n","protected":false},"author":1,"featured_media":0,"parent":0,"menu_order":0,"comment_status":"closed","ping_status":"closed","template":"","meta":[],"_links":{"self":[{"href":"https:\/\/roysgarage.fi\/index.php\/wp-json\/wp\/v2\/pages\/10"}],"collection":[{"href":"https:\/\/roysgarage.fi\/index.php\/wp-json\/wp\/v2\/pages"}],"about":[{"href":"https:\/\/roysgarage.fi\/index.php\/wp-json\/wp\/v2\/types\/page"}],"author":[{"embeddable":true,"href":"https:\/\/roysgarage.fi\/index.php\/wp-json\/wp\/v2\/users\/1"}],"replies":[{"embeddable":true,"href":"https:\/\/roysgarage.fi\/index.php\/wp-json\/wp\/v2\/comments?post=10"}],"version-history":[{"count":4,"href":"https:\/\/roysgarage.fi\/index.php\/wp-json\/wp\/v2\/pages\/10\/revisions"}],"predecessor-version":[{"id":64,"href":"https:\/\/roysgarage.fi\/index.php\/wp-json\/wp\/v2\/pages\/10\/revisions\/64"}],"wp:attachment":[{"href":"https:\/\/roysgarage.fi\/index.php\/wp-json\/wp\/v2\/media?parent=10"}],"curies":[{"name":"wp","href":"https:\/\/api.w.org\/{rel}","templated":true}]}}